7
Let n(m) = 50*m**3 + 40*m**3 + 6 - 3*m - 91*m**3 + 6*m**2. What is n(6)?
-12
Suppose -g - g = -0*g. Let m(t) = -t + 23. Calculate m(g).
23
Let q(x) = -x**3 + 4*x**2 + x - 4. Let s be q(4). Suppose s*w - 2*w = -6. Let g(y) = -y**3 + 3*y**2 + 4*y - 3. Determine g(w).
9
Let q(f) = -f**3 + 8*f**2 + f + 1. Let r be q(8). Let m(c) = -3*c + c + 2 + 8*c**2 - r*c**2. Determine m(-4).
-6
Let f(z) = z**2 - z + 4. Let q be f(0). Suppose q*c - 5 = 3. Let j(x) = c*x - x + 4 - 5. Give j(4).
3
Let g(s) be the third derivative of 1/12*s**4 + 0*s - 1/60*s**5 + 0 + s**2 + 1/3*s**3. Calculate g(-2).
-6
Let x(v) = -v**2 - 7*v - 5. Let f(w) = w**2 - 3*w - 8. Let y be f(4). What is x(y)?
7
Let w(a) = a**2 - a. Let f(c) = 14 - 2*c - c**2 + 2*c**3 - 15 - c**3. Let g be f(2). Let x(o) = -5*o**2 + 8*o + 2. Let i(v) = g*x(v) - 4*w(v). Calculate i(5).
3
Let b(w) = w + 6. Let i be b(-6). Let p(u) = -3*u**2 + 8*u + 10. Let s(z) = z**2 - 4*z. Let v(t) = p(t) + 2*s(t). Calculate v(i).
10
Let z(t) = -2*t + 12. Let i be z(6). Let u(b) = b**3 - b**2 - 5. Give u(i).
-5
Suppose -6*f = -10*f + 24. Suppose -f*m = -2*m - 4. Let v(q) = 10*q**3 + q - 1. Determine v(m).
10
Let c(o) be the second derivative of -4*o - 1/3*o**3 + 0 - 1/2*o**2 - 1/3*o**4. Suppose 8 = 4*x - 3*h + 21, -5*x - 14 = -3*h. Determine c(x).
-3
Let r(s) = 6 - 2*s - 3*s + 9*s - 3*s. Determine r(-7).
-1
Let k(b) = -6*b**2 - 2*b + 1. Let o(h) = 3 - 5*h - 10*h**2 + h - 3*h**2. Let c(x) = -5*k(x) + 2*o(x). Let y = -4 - -3. Give c(y).
3
Let g(d) = -d**2 + 3*d + 4. Suppose 5*h - 4*z - 10 = -24, 4*z - 12 = 4*h. Let n = 1 - h. Give g(n).
4
Let k(v) be the first derivative of -v**6/120 - v**5/20 - v**4/8 + 7*v**2/2 + 8. Let g(z) be the second derivative of k(z). Determine g(-3).
9
Let p(d) = d**2 + d - 1. Let j(y) = -4*y**2 - 2*y + 4. Let l(o) = -j(o) - 5*p(o). Give l(-3).
1
Let g(d) = -d**2 - 2*d + 2. Let k be g(-3). Let r be 1/k + (0 - -11). Let b be (-4)/r*(1 + 4). Let t(m) = 5*m + 3. Give t(b).
-7
Let c(z) = z + 3. Let b be c(3). Let u(i) = -5*i**2 - 7*i**3 + b*i**3 - 3*i - 2 + 3*i. Give u(-5).
-2
Let b(f) = f**2 + f - 1. Let z be 40/22 - 8/(-44). What is b(z)?
5
Let d(j) = j**2 + 1. Suppose -5*v = -4*v - 1. Let c be d(v). Let b(z) = 2 - 4*z + 2*z**3 + 4*z**2 + c*z + 4 - z**3. What is b(-5)?
-9
Let w(o) = -o + 2. Suppose -5*a - 4*x = -3 - 33, 0 = 5*a + 5*x - 35. Let c be ((-3)/6)/(2/20). Let f = a + c. Give w(f).
-1
Let a(h) = -3*h**3 - 6*h**2 - h + 1. Let p(w) = w**3 + w**2 - w - 1. Let j(v) = a(v) + 2*p(v). Let i = -57 + 53. Calculate j(i).
11
Let t(a) be the first derivative of -a**6/360 + a**5/30 - a**4/4 + a**3/3 + 6. Let r(p) be the third derivative of t(p). Give r(4).
-6
Let t be -1*1 - (-6 + -1). Let s(y) = y**2 - 6*y - 5. Give s(t).
-5
Let z(p) = p**2 + 9*p + 6. Suppose 0 = -0*y + 2*y + 6. Let v be -7 + 0/(y - -1). What is z(v)?
-8
Let x(m) = -m**3 - m**2 + 2*m + 1. Let u be x(-1). Let t(c) = 10*c**2 + c + 1. Give t(u).
10
Let j be (-2)/(-3) + (-32)/12. Let f be 7 + (-1 - -2) + j. Let u be (f/(-4))/(6/16). Let o(g) = -g**3 - 5*g**2 - 3*g + 1. What is o(u)?
-3
Let t(n) = -8*n - 3. Let l be t(4). Let z = l - -30. Let r(k) = k**3 + 4*k**2 - 3*k + 7. Give r(z).
-3
Let w(m) be the third derivative of -m**5/30 + m**4/12 + 2*m**3/3 + 9*m**2. Let f(g) = -g**2 + 3*g + 3. Let b(i) = -3*f(i) + 2*w(i). What is b(-5)?
-1
Let d(q) be the third derivative of 3*q**2 - 1/6*q**3 + 0 + 0*q - 1/4*q**4. Calculate d(2).
-13
Let v(r) = -r**2 - 2*r + 2. Let z be 1/(4*(-3)/(-36)). Suppose -z*o + 12 = -7*o. Calculate v(o).
-1
Let i(r) be the first derivative of -r**3/3 + 2*r**2 - 4*r - 7. Give i(4).
-4
Let f(o) = -8*o**2 + 15*o**2 - 7 - 8*o**2 - 5*o. Calculate f(-5).
-7
Suppose -2*g + 5*g = -p + 14, p = -2*g + 10. Let l(d) = 4 - 3*d + p*d + 4*d. Let o(s) = s**3 - 4*s**2 + 3*s - 4. Let a be o(3). Give l(a).
-8
Let i(n) = -6*n. Let u(q) = q**2 + 10*q + 10. Let j be u(-9). Let x(z) = -z. Let m(p) = j*i(p) - 12*x(p). Give m(1).
6
Let s(d) = -5*d + 1 + 3 + 4*d. What is s(6)?
-2
Let n(g) = g**2 + g + 132. Let j be n(0). Let d be j/16 - (-1)/(-4). Suppose -m = 3*m + d. Let u(k) = k + 1. Calculate u(m).
-1
Let t(u) = -u**3 - u**2. Suppose -5*p = 4*h + 41, 23 = -4*h + 2*h - 3*p. Let b = 2 + h. Calculate t(b).
4
Let d(c) = -c + 1. Let r = -22 + 29. Suppose r*v = 5*v - 2. Give d(v).
2
Suppose 7*x - 37 = 12. Let u(m) = -1. Let j(l) = l - 12. Let a(r) = j(r) - 4*u(r). Give a(x).
-1
Suppose 0*v = v. Let l(h) = -h**2 + h + 2. Calculate l(v).
2
Suppose -4*b = 17 - 9. Let i(n) = -n**3 - 2*n**2 - 2*n - 2. Give i(b).
2
Let m(r) be the second derivative of -r**3/6 - r**2 - 7*r. What is m(-8)?
6
Let k(j) = -5*j**2 - j + 2. Let v(b) = -b**3 - 6*b**2 - 2*b + 2. Let c(z) = 3*k(z) - 2*v(z). Suppose -3*w = -3*x + w + 14, -2*w = 2*x. Determine c(x).
8
Let d(h) = -h + 2. Let m be (6/(-2))/(-1 + 0). Suppose -5*i + 5*c + 20 = 0, -m*i + 4*c = -0*c - 9. Suppose -2*u + i*u = 2*y + 26, -y = -3*u + 15. Give d(u).
-2
Suppose 0 = 5*l + 1 - 46. Let p = 4 - l. Let q = 8 + p. Let h(f) = -2*f**2 + 5*f - 3. Calculate h(q).
-6
Suppose 0*x + 3*x - 3 = 0. Suppose x = -k + 4. Let g = k + -1. Let q(w) = 2*w**2 - 2*w + 3. Determine q(g).
7
Let f(a) = a**3 + 4*a**2 + 3*a + 4. Suppose 2*i - 2 - 2 = 0. Let p(g) = -3*g + 5*g - g - i*g**2. Let r be p(-1). Give f(r).
4
Let i(n) = -n**3 + 5*n**2 - n**3 - 5*n + 3 + n**3. Let j = 0 + -10. Let b = -6 - j. Calculate i(b).
-1
Let l(g) be the first derivative of g**4/2 - g**2/2 + 2*g + 3. Let y(b) = -3*b**3 + b**2 + 2*b - 3. Let m(f) = 4*l(f) + 3*y(f). What is m(3)?
5
Let b be (-3)/9*(-1 - 2). Let o(q) = 5*q - 1. What is o(b)?
4
Let i(a) = 2*a**2 - a + 1. Let u be i(1). Let d(v) = -v**2 - u*v - 2*v - v**2 + v**2. Give d(-6).
-12
Let a(p) be the first derivative of -p**4/4 + p**3 + p**2/2 + 5*p + 33. Give a(4).
-7
Let q(a) = 3*a + 6. Let m(y) be the first derivative of y**4/4 + 5*y**3/3 + y**2/2 + 2. Let w be m(-5). Calculate q(w).
-9
Let y = 7 + -7. Let h = 0 + y. Let w(d) = d - 5. Calculate w(h).
-5
Let m(v) be the third derivative of -v**5/60 + v**4/6 - v**3/3 - 3*v**2. Let l(a) be the first derivative of m(a). Calculate l(5).
-6
Let s be (-2)/(-3)*3 - 1. Suppose -3*c - 3 = -12. Let b(l) = -l - 2*l - c*l + 5*l. Give b(s).
-1
Let y(p) = 4*p - p**2 + 3 + 0*p**2 - 7*p + 3*p**3 + 2*p**2. Let g be y(2). Let s(j) = 25 - g - 4*j. Calculate s(-1).
4
Let v be (-40)/(-10) - (0 - 1). Let n(b) = 3*b - 4. Determine n(v).
11
Let t(i) be the third derivative of i**5/60 + i**4/24 + i**3/6 - 8*i**2. What is t(2)?
7
Let u(g) = -6*g - 1. Suppose -2*h = 12 - 10. Give u(h).
5
Let s(x) = -x**3 + 4*x**2 + 5*x + 4. Let q = 9 + -4. What is s(q)?
4
Let a(w) = -2*w + 1. Suppose 2*l - 8*l = -18. Determine a(l).
-5
Let s(j) = 3*j**3 - 2*j**2 + 2*j - 1. Let n be (-32)/10 - (-1)/5. Let i = -2 - n. Determine s(i).
2
Let c(p) = 3*p - 6 - 1 + p**2 + 1. Let o = -19 + 6. Let v(s) = 2*s**2 + 6*s - 13. Let x(m) = o*c(m) + 6*v(m). Calculate x(-4).
-4
Let n(v) = 0 + 0 - v**3 - 4*v**2 + 2 - 2*v. Let b = 21 + -30. Let k = b - -7. Determine n(k).
-2
Suppose 0 = 5*o - 0*o. Suppose h + 2 - 4 = o. Let a(v) = 6 - 3 + v + 4 + 0 + v**3 - v**h. Give a(0).
7
Let k(z) = -z**3 + 4*z - 9*z + 4*z**2 + 3*z**3 + 2 - 3*z**3. Let v(b) = -4*b - 4. Let c be v(-3). Let w = c + -5. Determine k(w).
-4
Let d(a) = a + 1. Suppose -5*j = k + 6, 4*j - 3*k + 0 = -1. Determine d(j).
0
Let t(b) be the third derivative of -b**7/2520 - b**6/720 + b**5/30 + b**4/6 - 9*b**2. Let y(r) be the second derivative of t(r). What is y(4)?
-16
Let f(a) be the second derivative of 1/3*a**3 + 0 + 1/3*a**4 - 2*a + 1/2*a**2. What is f(-1)?
3
Let k be ((-1)/((-2)/(-4)))/(-1). Suppose 25 = 3*r + k*r. Let u(q) = q. Let d(f) = f**2 - 8*f + 1. Let i(v) = d(v) + u(v). Give i(r).
-9
Let k(h) be the third derivative of -h**7/840 - h**6/60 - h**5/30 + h**4/8 - h**3/2 - 3*h**2. Let l(x) be the first derivative of k(x). What is l(-5)?
-2
Let a(z) = z - 1. Suppose -3*r + 0*g + 2 = g, r = -2*g - 1. Let b(c) = c - 1. Let j(x) = r*a(x) + b(x). Let h be j(2). Let m(w) = -w. What is m(h)?
-2
Suppose 0 = 5*d + 5*q - 30, -3*d - 2*q = 2*q - 14. Let g(x) = -x**2 + 12*x - 12. Determine g(d).
8
Let n(o) = -o**2 + 3. Let u(b) = 2*b**2 + 5*b - 9. Suppose -3*v + 20 = -4*f - v, -3*f + v - 14 = 0. Let r be u(f). What is n(r)?
-6
Suppose -1 = -m - 7. Let 